{"id":10,"date":"2020-07-11T15:21:38","date_gmt":"2020-07-11T18:21:38","guid":{"rendered":"http:\/\/www.zeroharm.com.br\/?page_id=10"},"modified":"2020-07-24T09:14:43","modified_gmt":"2020-07-24T12:14:43","slug":"riscos-ocupacionais","status":"publish","type":"page","link":"https:\/\/www.zeroharm.com.br\/index.php\/riscos-ocupacionais\/","title":{"rendered":"Riscos Ocupacionais"},"content":{"rendered":"\n<div class=\"wp-block-columns\">\n<div class=\"wp-block-column\">\n<div class=\"wp-block-image\"><figure class=\"aligncenter size-large\"><img loading=\"lazy\" width=\"96\" height=\"96\" src=\"http:\/\/www.zeroharm.com.br\/wp-content\/uploads\/2020\/07\/Construction_96px.png\" alt=\"\" class=\"wp-image-98\"\/><\/figure><\/div>\n\n\n\n<figure class=\"wp-block-image size-large is-resized\"><img loading=\"lazy\" src=\"http:\/\/www.zeroharm.com.br\/wp-content\/uploads\/2020\/07\/Risk.jpg\" alt=\"\" class=\"wp-image-106\" width=\"268\" height=\"144\"\/><figcaption><strong>Mapeamento e Avalia\u00e7\u00e3o de Riscos na sua empresa<\/strong><\/figcaption><\/figure>\n<\/div>\n\n\n\n<div class=\"wp-block-column\">\n<p class=\"has-text-align-center\"><strong><span class=\"has-inline-color has-vivid-red-color\">Gerenciar Riscos \u00e9 a melhor solu\u00e7\u00e3o de preven\u00e7\u00e3o<\/span><\/strong><\/p>\n<\/div>\n\n\n\n<div class=\"wp-block-column\">\n<div class=\"wp-block-image\"><figure class=\"aligncenter size-large\"><img loading=\"lazy\" width=\"96\" height=\"96\" src=\"http:\/\/www.zeroharm.com.br\/wp-content\/uploads\/2020\/07\/Bulldozer_96px.png\" alt=\"\" class=\"wp-image-99\"\/><\/figure><\/div>\n\n\n\n<figure class=\"wp-block-image size-large is-resized\"><img loading=\"lazy\" src=\"http:\/\/www.zeroharm.com.br\/wp-content\/uploads\/2020\/07\/Matriz-Quali.jpg\" alt=\"\" class=\"wp-image-107\" width=\"204\" height=\"292\" srcset=\"https:\/\/www.zeroharm.com.br\/wp-content\/uploads\/2020\/07\/Matriz-Quali.jpg 534w, https:\/\/www.zeroharm.com.br\/wp-content\/uploads\/2020\/07\/Matriz-Quali-209x300.jpg 209w\" sizes=\"(max-width: 204px) 100vw, 204px\" \/><figcaption><strong>Customizamos a sua matriz de riscos<\/strong><\/figcaption><\/figure>\n<\/div>\n<\/div>\n\n\n\n<p><\/p>\n","protected":false},"excerpt":{"rendered":"<p>Gerenciar Riscos \u00e9 a melhor solu\u00e7\u00e3o de preven\u00e7\u00e3o<\/p>\n","protected":false},"author":2,"featured_media":0,"parent":0,"menu_order":0,"comment_status":"closed","ping_status":"closed","template":"","meta":[],"_links":{"self":[{"href":"https:\/\/www.zeroharm.com.br\/index.php\/wp-json\/wp\/v2\/pages\/10"}],"collection":[{"href":"https:\/\/www.zeroharm.com.br\/index.php\/wp-json\/wp\/v2\/pages"}],"about":[{"href":"https:\/\/www.zeroharm.com.br\/index.php\/wp-json\/wp\/v2\/types\/page"}],"author":[{"embeddable":true,"href":"https:\/\/www.zeroharm.com.br\/index.php\/wp-json\/wp\/v2\/users\/2"}],"replies":[{"embeddable":true,"href":"https:\/\/www.zeroharm.com.br\/index.php\/wp-json\/wp\/v2\/comments?post=10"}],"version-history":[{"count":3,"href":"https:\/\/www.zeroharm.com.br\/index.php\/wp-json\/wp\/v2\/pages\/10\/revisions"}],"predecessor-version":[{"id":108,"href":"https:\/\/www.zeroharm.com.br\/index.php\/wp-json\/wp\/v2\/pages\/10\/revisions\/108"}],"wp:attachment":[{"href":"https:\/\/www.zeroharm.com.br\/index.php\/wp-json\/wp\/v2\/media?parent=10"}],"curies":[{"name":"wp","href":"https:\/\/api.w.org\/{rel}","templated":true}]}}